11 - -12?
23
In base 6, what is 2003 + 0?
2003
In base 15, what is 2 - 286?
-284
In base 8, what is -211 - -240?
27
In base 2, what is -100 + 11011000?
11010100
In base 13, what is 1 + 3548?
3549
In base 4, what is -2 - -11231?
11223
In base 9, what is -27 - -4?
-23
In base 6, what is 2004 + 14?
2022
In base 4, what is 220 + 2?
222
In base 5, what is 3 + 2322?
2330
In base 12, what is -4 - 27?
-2b
In base 10, what is -31 + 6?
-25
In base 7, what is 116362 - -1?
116363
In base 16, what is 5 - -6ce?
6d3
In base 9, what is 31776 + -2?
31774
In base 9, what is 1 + 41?
42
In base 11, what is 5 + 62?
67
In base 3, what is -12022 - 2000?
-21022
In base 16, what is f3 - -2?
f5
In base 9, what is 3 + 340?
343
In base 3, what is 2011 - -12020?
21101
In base 14, what is -285 + -5?
-28a
In base 5, what is 124140 + -4?
124131
In base 16, what is -1ec + 3?
-1e9
In base 9, what is 5 + 3?
8
In base 12, what is -b1 - 55?
-146
In base 11, what is -1a7 + 2?
-1a5
In base 14, what is -119 - 3?
-11c
In base 13, what is 37c0 + -3?
37ba
In base 8, what is -120 - -200?
60
In base 11, what is -3 + -150?
-153
In base 9, what is -1 - 12?
-13
In base 16, what is -22 + 2?
-20
In base 14, what is -77 - -24?
-53
In base 5, what is -2 + 2004?
2002
In base 3, what is 1001 + 2?
1010
In base 12, what is -568 + -4?
-570
In base 4, what is -10311 - 0?
-10311
In base 3, what is 1 - -2110?
2111
In base 8, what is -170 - -11?
-157
In base 7, what is -13025 + 5?
-13020
In base 9, what is 0 + 344?
344
In base 3, what is -1201101 - -11?
-1201020
In base 16, what is -4d - -1?
-4c
In base 6, what is -153 + 4?
-145
In base 16, what is 46f - -3?
472
In base 11, what is -66 - -268?
202
In base 3, what is 100222 - 121?
100101
In base 6, what is -21 + 53?
32
In base 13, what is 16 - -81?
97
In base 16, what is 52 + -4?
4e
In base 11, what is -5 + 14?
a
In base 6, what is 1 + -4114?
-4113
In base 15, what is 443d + 1?
443e
In base 4, what is -11 - 11212?
-11223
In base 11, what is 0 + -57?
-57
In base 9, what is 10 + -146?
-136
In base 8, what is -3046 + 20?
-3026
In base 13, what is 1989 - -4?
1990
In base 16, what is 80 - 4?
7c
In base 2, what is 11101011110 - 110?
11101011000
In base 9, what is 3 - 167?
-164
In base 6, what is -250 + 5?
-241
In base 14, what is d6b - 5?
d66
In base 5, what is -1232 + 101?
-1131
In base 14, what is -a10 - 0?
-a10
In base 12, what is -5 - -695?
690
In base 8, what is 2537 + 0?
2537
In base 12, what is -8 + 67?
5b
In base 14, what is 1b + -2dd?
-2c2
In base 10, what is -35 + 4?
-31
In base 16, what is 487 + 0?
487
In base 11, what is 13 - 2?
11
In base 7, what is -42651 - -5?
-42643
In base 3, what is -12 - 10102201?
-10102220
In base 5, what is -2022 + 44?
-1423
In base 16, what is -4 + -2d?
-31
In base 14, what is d - 19?
-a
In base 7, what is -2413 + -4?
-2420
In base 13, what is -3a2 - 4?
-3a6
In base 12, what is -7b - -3?
-78
In base 2, what is 110 + -10101111?
-10101001
In base 16, what is 267 - 6?
261
In base 16, what is 31 + 28?
59
In base 3, what is -101111 + 12?
-101022
In base 14, what is 2 - ca?
-c8
In base 2, what is 1000000 - -100?
1000100
In base 4, what is -131 + 100?
-31
In base 15, what is -72 - -46?
-2b
In base 3, what is 2 - 2011?
-2002
In base 3, what is -11 - 1002020?
-1002101
In base 6, what is -1 + 14032?
14031
In base 5, what is -2 - 33401?
-33403
In base 5, what is -23 - 13?
-41
In base 3, what is -2120 - -12101?
2211
In base 13, what is 15 - -11?
26
In base 16, what is -7 - -2e?
27
In base 12, what is 62 - 16?
48
In base 11, what is 357 + -3?
354
In base 15, what is 107 + -1?
106
In base 14, what is 4 - 17?
-13
In base 9, what is -550 - 17?
-567
In base 9, what is 71 + 443?
524
In base 15, what is 1 - 176?
-175
In base 11, what is 4 - 33?
-2a
In base 8, what is 3166 + -3?
3163
In base 14, what is 2 - -24?
26
In base 13, what is 3 + -34?
-31
In base 4, what is 311 + -1?
310
In base 14, what is -25 + -2?
-27
In base 13, what is -1 - -375?
374
In base 7, what is 6 - 12?
-3
In base 13, what is -3 - -4c?
49
In base 14, what is 35cb - 1?
35ca
In base 8, what is -5403 + 1?
-5402
In base 2, what is 101000 - 11111?
1001
In base 6, what is -11 - 121?
-132
In base 14, what is -4b1 - 8?
-4b9
In base 13, what is -55 - -27?
-2b
In base 6, what is 24154 - 2?
24152
In base 12, what is -3 + 82?
7b
In base 8, what is -12 - -1115?
1103
In base 14, what is -2 - 22?
-24
In base 9, what is 1 - -34?
35
In base 9, what is -6 + 876?
870
In base 9, what is -108 + -116?
-225
In base 6, what is 0 + 1304?
1304
In base 5, what is 21331 + 2?
21333
In base 11, what is -3 + -896?
-899
In base 7, what is -11 - -1311?
1300
In base 8, what is -425 + -4?
-431
In base 3, what is -2 - 11220?
-11222
In base 10, what is 2 - -118?
120
In base 13, what is -4c2 + -5?
-4c7
In base 15, what is -277 - 1?
-278
In base 7, what is -4 - -5?
1
In base 2, what is 0 + 10000010?
10000010
In base 5, what is 11 + -111?
-100
In base 9, what is 384 + -3?
381
In base 6, what is -2 - 12553?
-12555
In base 8, what is 16 - 444?
-426
In base 2, what is 101 - -1000101?
1001010
In base 14, what is 147 - 5?
142
In base 5, what is 4044 - 102?
3442
In base 14, what is 1d0 - d?
1c1
In base 3, what is -2001 + 20200?
11122
In base 4, what is -12130 - -20?
-12110
In base 16, what is 2442 - -4?
2446
In base 14, what is -3 + -5bc?
-5c1
In base 12, what is -34 - -24?
-10
In base 6, what is 2250 + -5?
2241
In base 9, what is 1881 + 2?
1883
In base 10, what is 2 - 54?
-52
In base 14, what is 27 - 0?
27
In base 16, what is 189 - -3?
18c
In base 14, what is -32c + 2?
-32a
In base 3, what is 1110022 - 0?
1110022
In base 11, what is -1 - -13?
12
In base 13, what is -886 + -3?
-889
In base 2, what is 101101010111 + -1000?
101101001111
In base 4, what is -3 + 221?
212
In base 13, what is 5 + 222?
227
In base 13, what is 2 + -121a?
-1218
In base 15, what is -6c - -15?
-57
In base 9, what is 3 - 328?
-325
In base 6, what is -455 + 43?
-412
In base 3, what is -10 + -10002?
-10012
In base 8, what is 1641 - 13?
1626
In base 11, what is -2 + -23?
-25
In base 13, what is -519 + -2?
-51b
In base 14, what is -92 + 0?
-92
In base 13, what is -1bb + 15?
-1a6
In base 8, what is -6 + 370?
362
In base 4, what is 110 - -30120?
30230
In base 15, what is 9e + -4?
9a
In base 12, what is 4 + -526?
-522
In base 2, what is 1100 + 1100?
11000
In base 9, what is -3 + 24?
21
In base 14, what is 8 + -23?
-19
In base 9, what is -3 + 71?
67
In base 11, what is -1 + 8?
7
In base 7, what is -4 - -442?
435
In base 10, what is -23 - 1?
-24
In base 5, what is 32 - 11?
21
In base 6, what is 140 - 105?
31
In base 2, what is -11 - -10011001010?
10011000111
In base 7, what is -3124 - 3?
-3130
In base 15, what is 3 + -70?
-6c
In base 12, what is -b3 - -2?
-b1
In base 6, what is -312 + -3?
-315
In base 8, what is 5 + -2603?
-2576
In base 14, what is -4 - 15?
-19
In base 5, what is -241213 - -2?
-241211
In base 14, what is 249 + -18?
231
In base 12, what is -33b + 9?
-332
In base 5, what is 110 + 4?
114
In base 8, what is -2 + 6?
4
In base 7, what is 3 + -162?
-156
In base 12, what is 1 + 7?
8
In base 15, what is 4 + -37?
-33
In base 7, what is 246 + -26?
220
In base 10, what is 2 - -10?
12
In base 9, what is -1 + 1?
0
In base 11, what is 31 - 2?
2a
In base 3, what is -221020 + 11?
-221002
In base 10, what is 4 - -317?
321
In base 3, what is 21011 - -1011?
22022
In base 9, what is 0 - 75?
-75
In base 16, what is 27 + 0?
27
In base 8, what is 4 - -17?
23
In base 3, what is -11 + 21010?
20222
In base 9, what is -4 + -87?
-102
In base 9, what is -14772 - 0?
-14772
In base 9, what is -1033 + 1?
-1032
In base 9, what is 2 - 47?
-45
In base 14, what is 5 - -134?
139
In base 12, what is -199 + 3?
-196
In base 10, what is 37 + -62?
-25
In base 10, what is -54 + 22?
-32
In base 7, what is 2 - 2026?
-2024
In base 5, what is -3 + 141?
133
In base 8, what is -6 + 171?
163
In base 2, what is 10011 - 10?
10001
In base 11, what is -3 - 35?
-38
In base 16, what is 3 + -42c?
-429
In base 2, what is -10 - -101?
11
In base 9, what is -6 + 4338?
4332
In base 4, what is 101030 - 11?
101013
In base 13, what is -1a + -179?
-196
In base 8, what is 15 + -14?
1
In base 10, what is -144 - -44?
-100
In base 3, what is -11 + 1002120?
1002102
In base 2, what is 101 - 1011?
-110
I